{"id":13,"date":"2020-05-23T10:32:29","date_gmt":"2020-05-23T10:32:29","guid":{"rendered":"https:\/\/steelmettools.pl\/?page_id=13"},"modified":"2020-07-20T17:48:31","modified_gmt":"2020-07-20T17:48:31","slug":"produkty","status":"publish","type":"page","link":"https:\/\/steelmettools.pl\/?page_id=13","title":{"rendered":"Produkty"},"content":{"rendered":"\n[et_pb_section fb_built=&#8221;1&#8243; _builder_version=&#8221;4.2.2&#8243; custom_padding=&#8221;5px|||||&#8221;][et_pb_row _builder_version=&#8221;4.2.2&#8243;][et_pb_column type=&#8221;4_4&#8243; _builder_version=&#8221;4.2.2&#8243;][et_pb_text _builder_version=&#8221;4.2.2&#8243; header_font=&#8221;Sansita|700||on|||||&#8221; header_text_color=&#8221;#e02b20&#8243; header_font_size=&#8221;35px&#8221; header_font_size_tablet=&#8221;&#8221; header_font_size_phone=&#8221;&#8221; header_font_size_last_edited=&#8221;on|desktop&#8221; header_text_shadow_style=&#8221;preset1&#8243;]<h1 style=\"text-align: center;\">Nasze Produkty\u00a0<\/h1>[\/et_pb_text][\/et_pb_column][\/et_pb_row][et_pb_row column_structure=&#8221;1_4,1_4,1_4,1_4&#8243; _builder_version=&#8221;4.2.2&#8243; background_image=&#8221;http:\/\/steelmettools.pl\/wp-content\/uploads\/2020\/06\/tube-bender-2819137_1280-1.jpg&#8221; width=&#8221;100%&#8221; module_alignment=&#8221;center&#8221; border_width_all=&#8221;2px&#8221;][et_pb_column type=&#8221;1_4&#8243; _builder_version=&#8221;4.2.2&#8243;][et_pb_team_member name=&#8221;PRZEMYS\u0141 DRZEWNY&#8221; image_url=&#8221;http:\/\/steelmettools.pl\/wp-content\/uploads\/2020\/06\/46564-1.png&#8221; icon_color=&#8221;#000000&#8243; disabled_on=&#8221;off|off|off&#8221; module_id=&#8221;pd1&#8243; _builder_version=&#8221;4.2.2&#8243; header_font=&#8221;Arial|600||on|||||&#8221; header_text_align=&#8221;center&#8221; header_text_color=&#8221;#e02b20&#8243; header_font_size=&#8221;21px&#8221; background_color=&#8221;#ffffff&#8221; width=&#8221;72%&#8221; module_alignment=&#8221;center&#8221; min_height=&#8221;210px&#8221; custom_margin=&#8221;0px||||false|false&#8221; custom_padding=&#8221;0px||||false|false&#8221; animation_style=&#8221;slide&#8221; link_option_url=&#8221;https:\/\/steelmettools.pl\/?page_id=117&#8243; header_text_align_tablet=&#8221;center&#8221; header_text_align_phone=&#8221;center&#8221; header_text_align_last_edited=&#8221;on|desktop&#8221; header_font_size_tablet=&#8221;&#8221; header_font_size_phone=&#8221;&#8221; header_font_size_last_edited=&#8221;on|tablet&#8221; border_width_all=&#8221;3px&#8221; border_color_all=&#8221;#000000&#8243;][\/et_pb_team_member][\/et_pb_column][et_pb_column type=&#8221;1_4&#8243; _builder_version=&#8221;4.2.2&#8243;][et_pb_team_member name=&#8221;PRZEMYS\u0141 METALOWY&#8221; image_url=&#8221;http:\/\/steelmettools.pl\/wp-content\/uploads\/2020\/06\/BEL.png&#8221; icon_color=&#8221;#000000&#8243; _builder_version=&#8221;4.2.2&#8243; header_font=&#8221;Arial|600||on|||||&#8221; header_text_align=&#8221;center&#8221; header_text_color=&#8221;#e02b20&#8243; header_font_size=&#8221;21px&#8221; background_color=&#8221;#ffffff&#8221; width=&#8221;72%&#8221; module_alignment=&#8221;center&#8221; min_height=&#8221;210px&#8221; animation_style=&#8221;slide&#8221; link_option_url=&#8221;https:\/\/steelmettools.pl\/?page_id=121&#8243; header_text_align_tablet=&#8221;center&#8221; header_text_align_phone=&#8221;center&#8221; header_text_align_last_edited=&#8221;on|desktop&#8221; header_font_size_tablet=&#8221;&#8221; header_font_size_phone=&#8221;&#8221; header_font_size_last_edited=&#8221;on|tablet&#8221; border_width_all=&#8221;3px&#8221; border_radii_image=&#8221;on|113px|113px|113px|113px&#8221; border_radii_image_tablet=&#8221;&#8221; border_radii_image_phone=&#8221;&#8221; border_radii_image_last_edited=&#8221;on|desktop&#8221; locked=&#8221;off&#8221;][\/et_pb_team_member][\/et_pb_column][et_pb_column type=&#8221;1_4&#8243; _builder_version=&#8221;4.2.2&#8243;][et_pb_team_member name=&#8221;PRZEMYS\u0141 RECYKLINGU&#8221; image_url=&#8221;http:\/\/steelmettools.pl\/wp-content\/uploads\/2020\/06\/REC.png&#8221; icon_color=&#8221;#000000&#8243; _builder_version=&#8221;4.2.2&#8243; header_font=&#8221;Arial|600||on|||||&#8221; header_text_align=&#8221;center&#8221; header_text_color=&#8221;#e02b20&#8243; header_font_size=&#8221;21px&#8221; background_color=&#8221;#ffffff&#8221; width=&#8221;72%&#8221; module_alignment=&#8221;center&#8221; min_height=&#8221;210px&#8221; animation_style=&#8221;slide&#8221; link_option_url=&#8221;https:\/\/steelmettools.pl\/?page_id=123&#8243; header_text_align_tablet=&#8221;center&#8221; header_text_align_phone=&#8221;center&#8221; header_text_align_last_edited=&#8221;on|desktop&#8221; header_font_size_tablet=&#8221;&#8221; header_font_size_phone=&#8221;&#8221; header_font_size_last_edited=&#8221;on|tablet&#8221; border_width_all=&#8221;3px&#8221; locked=&#8221;off&#8221;][\/et_pb_team_member][\/et_pb_column][et_pb_column type=&#8221;1_4&#8243; _builder_version=&#8221;4.2.2&#8243;][et_pb_team_member name=&#8221;PRZEMYS\u0141 GUMOWY&#8221; image_url=&#8221;http:\/\/steelmettools.pl\/wp-content\/uploads\/2020\/06\/KOLO.png&#8221; icon_color=&#8221;#000000&#8243; _builder_version=&#8221;4.2.2&#8243; header_font=&#8221;Arial|600||on|||||&#8221; header_text_align=&#8221;center&#8221; header_text_color=&#8221;#e02b20&#8243; header_font_size=&#8221;21px&#8221; background_color=&#8221;#ffffff&#8221; width=&#8221;72%&#8221; module_alignment=&#8221;center&#8221; min_height=&#8221;210px&#8221; animation_style=&#8221;slide&#8221; link_option_url=&#8221;https:\/\/steelmettools.pl\/?page_id=125&#8243; header_text_align_tablet=&#8221;center&#8221; header_text_align_phone=&#8221;center&#8221; header_text_align_last_edited=&#8221;on|desktop&#8221; header_font_size_tablet=&#8221;&#8221; header_font_size_phone=&#8221;&#8221; header_font_size_last_edited=&#8221;on|tablet&#8221; border_width_all=&#8221;3px&#8221; locked=&#8221;off&#8221;][\/et_pb_team_member][\/et_pb_column][\/et_pb_row][\/et_pb_section]\n","protected":false},"excerpt":{"rendered":"<p>Nasze Produkty\u00a0<\/p>\n","protected":false},"author":3,"featured_media":0,"parent":0,"menu_order":0,"comment_status":"closed","ping_status":"closed","template":"","meta":{"_et_pb_use_builder":"on","_et_pb_old_content":"<!-- wp:divi\/placeholder \/-->","_et_gb_content_width":"","footnotes":""},"class_list":["post-13","page","type-page","status-publish","hentry"],"yoast_head":"<!-- This site is optimized with the Yoast SEO plugin v25.2 - https:\/\/yoast.com\/wordpress\/plugins\/seo\/ -->\n<title>Produkty - no\u017ce przemys\u0142owe - STEEL-MET TOOLS<\/title>\n<meta name=\"description\" content=\"STEEL-MET TOOLS - % PRZEMYS\u0141 DRZEWNY - PRZEMYS\u0141 METALOWY - PRZEMYS\u0141 RECYKLINGU - PRZEMYS\u0141 GUMOWY - no\u017ce przemys\u0142owe\" \/>\n<meta name=\"robots\" content=\"index, follow, max-snippet:-1, max-image-preview:large, max-video-preview:-1\" \/>\n<link rel=\"canonical\" href=\"https:\/\/steelmettools.pl\/?page_id=13\" \/>\n<meta property=\"og:locale\" content=\"pl_PL\" \/>\n<meta property=\"og:type\" content=\"article\" \/>\n<meta property=\"og:title\" content=\"Produkty - no\u017ce przemys\u0142owe - STEEL-MET TOOLS\" \/>\n<meta property=\"og:description\" content=\"STEEL-MET TOOLS - % PRZEMYS\u0141 DRZEWNY - PRZEMYS\u0141 METALOWY - PRZEMYS\u0141 RECYKLINGU - PRZEMYS\u0141 GUMOWY - no\u017ce przemys\u0142owe\" \/>\n<meta property=\"og:url\" content=\"https:\/\/steelmettools.pl\/?page_id=13\" \/>\n<meta property=\"og:site_name\" content=\"STEEL-MET TOOLS\" \/>\n<meta property=\"article:modified_time\" content=\"2020-07-20T17:48:31+00:00\" \/>\n<meta name=\"twitter:card\" content=\"summary_large_image\" \/>\n<meta name=\"twitter:label1\" content=\"Szacowany czas czytania\" \/>\n\t<meta name=\"twitter:data1\" content=\"3 minuty\" \/>\n<script type=\"application\/ld+json\" class=\"yoast-schema-graph\">{\"@context\":\"https:\/\/schema.org\",\"@graph\":[{\"@type\":\"WebPage\",\"@id\":\"https:\/\/steelmettools.pl\/?page_id=13\",\"url\":\"https:\/\/steelmettools.pl\/?page_id=13\",\"name\":\"Produkty - no\u017ce przemys\u0142owe - STEEL-MET TOOLS\",\"isPartOf\":{\"@id\":\"https:\/\/steelmettools.pl\/#website\"},\"datePublished\":\"2020-05-23T10:32:29+00:00\",\"dateModified\":\"2020-07-20T17:48:31+00:00\",\"description\":\"STEEL-MET TOOLS - % PRZEMYS\u0141 DRZEWNY - PRZEMYS\u0141 METALOWY - PRZEMYS\u0141 RECYKLINGU - PRZEMYS\u0141 GUMOWY - no\u017ce przemys\u0142owe\",\"breadcrumb\":{\"@id\":\"https:\/\/steelmettools.pl\/?page_id=13#breadcrumb\"},\"inLanguage\":\"pl-PL\",\"potentialAction\":[{\"@type\":\"ReadAction\",\"target\":[\"https:\/\/steelmettools.pl\/?page_id=13\"]}]},{\"@type\":\"BreadcrumbList\",\"@id\":\"https:\/\/steelmettools.pl\/?page_id=13#breadcrumb\",\"itemListElement\":[{\"@type\":\"ListItem\",\"position\":1,\"name\":\"Strona g\u0142\u00f3wna\",\"item\":\"https:\/\/steelmettools.pl\/\"},{\"@type\":\"ListItem\",\"position\":2,\"name\":\"Produkty\"}]},{\"@type\":\"WebSite\",\"@id\":\"https:\/\/steelmettools.pl\/#website\",\"url\":\"https:\/\/steelmettools.pl\/\",\"name\":\"STEEL-MET TOOLS\",\"description\":\"Producent no\u017cy przemys\u0142owych\",\"potentialAction\":[{\"@type\":\"SearchAction\",\"target\":{\"@type\":\"EntryPoint\",\"urlTemplate\":\"https:\/\/steelmettools.pl\/?s={search_term_string}\"},\"query-input\":{\"@type\":\"PropertyValueSpecification\",\"valueRequired\":true,\"valueName\":\"search_term_string\"}}],\"inLanguage\":\"pl-PL\"}]}<\/script>\n<!-- \/ Yoast SEO plugin. -->","yoast_head_json":{"title":"Produkty - no\u017ce przemys\u0142owe - STEEL-MET TOOLS","description":"STEEL-MET TOOLS - % PRZEMYS\u0141 DRZEWNY - PRZEMYS\u0141 METALOWY - PRZEMYS\u0141 RECYKLINGU - PRZEMYS\u0141 GUMOWY - no\u017ce przemys\u0142owe","robots":{"index":"index","follow":"follow","max-snippet":"max-snippet:-1","max-image-preview":"max-image-preview:large","max-video-preview":"max-video-preview:-1"},"canonical":"https:\/\/steelmettools.pl\/?page_id=13","og_locale":"pl_PL","og_type":"article","og_title":"Produkty - no\u017ce przemys\u0142owe - STEEL-MET TOOLS","og_description":"STEEL-MET TOOLS - % PRZEMYS\u0141 DRZEWNY - PRZEMYS\u0141 METALOWY - PRZEMYS\u0141 RECYKLINGU - PRZEMYS\u0141 GUMOWY - no\u017ce przemys\u0142owe","og_url":"https:\/\/steelmettools.pl\/?page_id=13","og_site_name":"STEEL-MET TOOLS","article_modified_time":"2020-07-20T17:48:31+00:00","twitter_card":"summary_large_image","twitter_misc":{"Szacowany czas czytania":"3 minuty"},"schema":{"@context":"https:\/\/schema.org","@graph":[{"@type":"WebPage","@id":"https:\/\/steelmettools.pl\/?page_id=13","url":"https:\/\/steelmettools.pl\/?page_id=13","name":"Produkty - no\u017ce przemys\u0142owe - STEEL-MET TOOLS","isPartOf":{"@id":"https:\/\/steelmettools.pl\/#website"},"datePublished":"2020-05-23T10:32:29+00:00","dateModified":"2020-07-20T17:48:31+00:00","description":"STEEL-MET TOOLS - % PRZEMYS\u0141 DRZEWNY - PRZEMYS\u0141 METALOWY - PRZEMYS\u0141 RECYKLINGU - PRZEMYS\u0141 GUMOWY - no\u017ce przemys\u0142owe","breadcrumb":{"@id":"https:\/\/steelmettools.pl\/?page_id=13#breadcrumb"},"inLanguage":"pl-PL","potentialAction":[{"@type":"ReadAction","target":["https:\/\/steelmettools.pl\/?page_id=13"]}]},{"@type":"BreadcrumbList","@id":"https:\/\/steelmettools.pl\/?page_id=13#breadcrumb","itemListElement":[{"@type":"ListItem","position":1,"name":"Strona g\u0142\u00f3wna","item":"https:\/\/steelmettools.pl\/"},{"@type":"ListItem","position":2,"name":"Produkty"}]},{"@type":"WebSite","@id":"https:\/\/steelmettools.pl\/#website","url":"https:\/\/steelmettools.pl\/","name":"STEEL-MET TOOLS","description":"Producent no\u017cy przemys\u0142owych","potentialAction":[{"@type":"SearchAction","target":{"@type":"EntryPoint","urlTemplate":"https:\/\/steelmettools.pl\/?s={search_term_string}"},"query-input":{"@type":"PropertyValueSpecification","valueRequired":true,"valueName":"search_term_string"}}],"inLanguage":"pl-PL"}]}},"_links":{"self":[{"href":"https:\/\/steelmettools.pl\/index.php?rest_route=\/wp\/v2\/pages\/13","targetHints":{"allow":["GET"]}}],"collection":[{"href":"https:\/\/steelmettools.pl\/index.php?rest_route=\/wp\/v2\/pages"}],"about":[{"href":"https:\/\/steelmettools.pl\/index.php?rest_route=\/wp\/v2\/types\/page"}],"author":[{"embeddable":true,"href":"https:\/\/steelmettools.pl\/index.php?rest_route=\/wp\/v2\/users\/3"}],"replies":[{"embeddable":true,"href":"https:\/\/steelmettools.pl\/index.php?rest_route=%2Fwp%2Fv2%2Fcomments&post=13"}],"version-history":[{"count":44,"href":"https:\/\/steelmettools.pl\/index.php?rest_route=\/wp\/v2\/pages\/13\/revisions"}],"predecessor-version":[{"id":488,"href":"https:\/\/steelmettools.pl\/index.php?rest_route=\/wp\/v2\/pages\/13\/revisions\/488"}],"wp:attachment":[{"href":"https:\/\/steelmettools.pl\/index.php?rest_route=%2Fwp%2Fv2%2Fmedia&parent=13"}],"curies":[{"name":"wp","href":"https:\/\/api.w.org\/{rel}","templated":true}]}}